m, 3*h = -2*y + 10. Let i(s) = s**2 - s + 8. What are the prime factors of i(h)?
2, 19
Let h = -633 + 883. What are the prime factors of h?
2, 5
Let h = 12 + -10. Suppose 0 = -h*w - 4*j - 258, -327 + 64 = 2*w - j. What are the prime factors of (-2)/6*(-7 + w)?
2, 23
List the prime factors of 6/(-51) + (-79872)/(-51).
2, 3, 29
Suppose 77*l = 104*l - 126279. List the prime factors of l.
3, 1559
Let l(d) = -d**2 - d. Let r be l(-2). Let q be 6/r + (-28)/(-2). Let o = 3 + q. What are the prime factors of o?
2, 7
Let y(i) = 4*i**2 - 5*i - 4. Let b be y(-4). Let t(l) = -l**2 + 3*l + 2. Let o be t(2). Suppose m - b = -o*m. What are the prime factors of m?
2
Let g be (-4 - (-1 - 3)) + 1. Suppose 0 = 17*u - 16*u + g. Let j(p) = 22*p**2 + p + 2. List the prime factors of j(u).
23
Let m(k) = -116*k - 70. What are the prime factors of m(-4)?
2, 197
Suppose 726*i = 729*i - 8940. List the prime factors of i.
2, 5, 149
Let p be 72/7 + 4/(-14). Let b(m) = 2 + 3*m**3 - 8*m**3 + 14 - p*m + 12*m**2 + 4*m**3. What are the prime factors of b(11)?
3
Let r(w) be the third derivative of -7*w**4/24 + 38*w**3/3 + w**2 + 10*w. What are the prime factors of r(-18)?
2, 101
Let z(u) = -44*u**3 + 3*u**2 + u - 1. Suppose h + 4*h + 5 = 0. What are the prime factors of z(h)?
3, 5
Suppose 5*d = 5*c - 6440, -c - 5*d + 1273 = -d. List the prime factors of c.
5, 257
Let y = 12 - -11. Let j = 139 + y. List the prime factors of j.
2, 3
Suppose 2*h = -1118 - 130. List the prime factors of h/(-10) - (-6)/(-15).
2, 31
Suppose 55 = -5*x + 180. Suppose -m = x - 84. List the prime factors of m.
59
Let a(i) = -i**3 + i**2 + 3*i + 6. Let g be a(0). Let q(p) = 16*p - 3. What are the prime factors of q(g)?
3, 31
Let w be (-3)/2*((-6)/(-3) - 4). Suppose 2*q - 5*a - 283 = 0, w*q + 0*a - 437 = -5*a. List the prime factors of q.
2, 3
List the prime factors of (-14)/(-28) - ((-48772)/8 + 0).
7, 13, 67
Suppose -4*o + 4*c - c = 1, -4*o + 4*c = 4. Suppose -w - 5*d = -o*w + 176, -4*w = 5*d - 604. List the prime factors of w.
2, 3, 13
Suppose -12 = 5*p - 37. Suppose -p*s + 4*m = -10, -4*m = 3*s - 4*s - 14. What are the prime factors of s?
2, 3
Suppose -4*t = g - 4191 - 1463, 5650 = g + 5*t. What are the prime factors of g?
2, 3, 5, 7
Let l be (-1044)/(-10) - (-10)/(-25). Suppose 5*m + 218 = -2*t, 2*m + 8*t + l = 3*t. Let d = -26 - m. List the prime factors of d.
2
Let m(f) = 2*f**2 + 16*f - 26. Let j be m(-16). List the prime factors of j - (18 - -2)/(-5).
2, 3, 13
Let n = -202 - -707. List the prime factors of n.
5, 101
Suppose -3 = r - 6. Let f = 8 - 0. What are the prime factors of f/r*9/3?
2
Suppose -3*v + 78 = -5*i + 6*i, 5*v + 450 = 5*i. List the prime factors of i.
3, 29
Let u = 99 - 71. Suppose 33*i - u*i = 455. List the prime factors of i.
7, 13
Let p(f) = 41*f**2 + 13*f. What are the prime factors of p(-6)?
2, 3, 233
Suppose 369 = 5*s - 181. What are the prime factors of s?
2, 5, 11
Suppose -4*h = k - 27, -3*h + k + 37 = h. List the prime factors of 687/18 + h/(-48).
2, 19
Suppose 82*w - 80*w = 11514. What are the prime factors of w?
3, 19, 101
Suppose -3*b = -b - 1366. Suppose p + p - 4*t - 290 = 0, -4*t + b = 5*p. Let g = p - 65. List the prime factors of g.
2, 37
Let u(c) = 19*c - 161. What are the prime factors of u(19)?
2, 5
Let u(g) = 6*g**3 - g**2 + 2*g + 1. Let y be u(2). Suppose -2*k - y = -9*k. List the prime factors of k.
7
Let m(h) be the third derivative of -h**4/24 + h**3 - 6*h**2. Let s be m(-3). Let u(d) = d - 5. List the prime factors of u(s).
2
Let y(r) = 5*r**2 + 16*r + 5. Suppose 3*x - 14 = 5*x. List the prime factors of y(x).
2, 3, 23
Let q(t) = -5*t**2 + 4. Let a be q(-2). Let p = -12 - a. Suppose -30 = 2*s - p*s. List the prime factors of s.
3, 5
Let o(j) = 139*j**3 - 1. Let f be o(-1). Let q = 252 + f. What are the prime factors of q?
2, 7
Suppose -8*c + 34130 = -7142. List the prime factors of c.
7, 11, 67
Suppose 2*d = -5*o + 25, -6*o = -o - 2*d - 25. Suppose 0 = -5*y - o*w + 250, 5*w + 66 = -4*y + 264. What are the prime factors of y?
2, 13
Let b be 14/(-21)*(5 + 37). Let o(a) = 6*a**2 - 2*a - 1. Let g be o(4). Let h = g + b. List the prime factors of h.
59
Let c(w) = 9*w - 9. Let u(p) = -18*p + 18. Let k(j) = -5*c(j) - 3*u(j). What are the prime factors of k(3)?
2, 3
Let q be -1*(-3 + 2)*274. Let x = q + -178. List the prime factors of x.
2, 3
Suppose -5*t - u = -1856, 4*t + 2*u = 6*u + 1480. What are the prime factors of t?
7, 53
Suppose 5*s = 2*l + 1, -2*l - 3*s - 2 = -9. Suppose -901 = -5*c + l*k, -2*c - 3*k + k + 366 = 0. What are the prime factors of c?
181
Let s be -6*((-5)/10 - 0). Suppose -5*o - 4*a + 274 = 0, 7*o = s*o + a + 236. What are the prime factors of o?
2, 29
Let p = -11 - -12. Let y(u) = -u**2 - u + 1. Let x(d) = d**3 + 4*d - 3. Let a(n) = p*y(n) + x(n). What are the prime factors of a(2)?
2
Let s(n) = 259*n - 19. What are the prime factors of s(4)?
3, 113
Suppose -70*a = -66*a - 40. Suppose -a = 3*g - 5*g, -4*u + 2*g = -246. List the prime factors of u.
2
Suppose 30*j = 26*j - 4*d - 40, 3*j + 4*d = -28. Let g = 3 - -56. Let h = j + g. List the prime factors of h.
47
List the prime factors of (-3)/(17/92 - (-4)/(-16)).
2, 23
Suppose -29*t + 14920 = -24*t + 3*y, -5*t - 2*y + 14925 = 0. What are the prime factors of t?
29, 103
Suppose -80*o + 83*o = 5625. What are the prime factors of o?
3, 5
Suppose -2*a = -2 + 14. Let f = 11 + a. Let w(x) = -x**3 + 7*x**2 - 8*x + 4. What are the prime factors of w(f)?
2, 7
Let x(k) = 29*k**2 - 14*k + 35. What are the prime factors of x(4)?
443
Let l(d) = -2*d**2 + 8*d - 9. Let r be l(4). Let h be 55/(1 - (-6)/r). Let o = 234 - h. What are the prime factors of o?
3, 23
Let m = 101 + 334. What are the prime factors of m?
3, 5, 29
Suppose 0 = j - 12 + 9. Let b be j/6*0 + -1. What are the prime factors of (b - 1)/((-2)/19)?
19
Let f(g) = -53*g + 2. Let u be f(4). Let z = u - -123. List the prime factors of (4/6)/((-2)/z).
29
Let k = -171 + 116. Let g = -150 + 120. Let j = g - k. What are the prime factors of j?
5
Let h(f) = 2*f**2 - 14*f - 25. Let a be h(11). Let o = a + -29. List the prime factors of o.
2, 17
Let n = 22 - 16. Suppose -n = -5*v - 16. List the prime factors of (-125)/(-45) + v/(-9).
3
Suppose 16*x + 2523 - 12475 = 0. What are the prime factors of x?
2, 311
Let l be (2/(-3))/((-3)/(-18)). Let x(g) = 5*g**2 - 2*g - 3. List the prime factors of x(l).
5, 17
Let w(p) = p + 18. Let a(h) = -h - 27. Let o(c) = 5*a(c) + 7*w(c). Suppose -5*i - 2*y = -4*y - 40, 5*i = y + 40. List the prime factors of o(i).
7
Suppose -1140 = -3*w - w + u, -4*u = 2*w - 570. Suppose 4*o + w = 9*o. What are the prime factors of o?
3, 19
Let a be 1 + -4*3/(-4). Suppose -242 + 10 = -a*x. List the prime factors of x.
2, 29
Let r be (-41680)/(-36) - (-8)/36. Suppose -4*u - w = 929, -u - 4*u = -2*w + r. List the prime factors of (-1)/5 - u/10.
23
Let p be 12/(-14)*2*1*28. Let f = p - -87. List the prime factors of f.
3, 13
Let d(k) = 0*k**2 + 10 + 7*k - 3*k**2 + 4*k**2. Let i be d(-4). What are the prime factors of 388/12 - i/(-6)?
2
Suppose -k + 65 = -0*k. Let x be 3*1 + k + -5. Suppose 5*j - x + 23 = 0. List the prime factors of j.
2
Suppose -3*y + 5*o + 98 = o, 164 = 4*y + 3*o. List the prime factors of y.
2, 19
Suppose 107*y = 102*y + 2515. List the prime factors of y.
503
Let f(m) = -32*m - 54. List the prime factors of f(-21).
2, 3, 103
Suppose -2*a - 5*t = -3*a - 51, -5*a - 225 = 5*t. Let b = -79 - a. What are the prime factors of (2 - b) + (-18)/(-6)?
2, 19
Suppose -q + 9*q = 32. Suppose q*f = 2*f + 140. What are the prime factors of f?
2, 5, 7
Suppose 0 = 14*c - 18*c - 5*d + 1734, -3*c + 5*d + 1318 = 0. What are the prime factors of c?
2, 109
Let d = -15 + 14. Let u be (-7 + (-8)/(-4))/d. Suppose 10 = i - u. List the prime factors of i.
3, 5
Suppose 88 + 74 = m. Let o = -18 + m. Suppose -o = t - 5*t. What are the prime factors of t?
2, 3
Let n be (-33)/(-18)*(4 - -2). Let z be (-3 - -3) + (1 - n). Let t = 24 - z. List the prime factors of t.
2, 17
Suppose 0 = -3*u - 3*q - 33, 2*u + 4*q + 9 = -5. Let i = u - -19. Suppose -108 = -4*a - i*y, -135 = a - 6*a + y. What are the prime factors of a?
3
Let l(y) = y**3 - 5*y**2 - 6*y - 3. Let h(u) = -u. Let m(p) = 3*h(p) - l(p). What are the prime factors of m(-3)?
2, 3, 11
Suppose 66